me factors of 7523072?
2, 29387
What are the prime factors of 120817?
120817
List the prime factors of 30058.
2, 7, 19, 113
What are the prime factors of 67592?
2, 7, 17, 71
List the prime factors of 70456.
2, 8807
List the prime factors of 147692.
2, 36923
What are the prime factors of 17573?
17573
What are the prime factors of 702960?
2, 3, 5, 29, 101
What are the prime factors of 4905881?
83, 59107
List the prime factors of 432991.
13, 19, 1753
List the prime factors of 1316527.
1316527
What are the prime factors of 361304?
2, 19, 2377
List the prime factors of 24144562.
2, 13, 928637
List the prime factors of 11188358.
2, 1811, 3089
What are the prime factors of 152322?
2, 3, 53, 479
What are the prime factors of 3215826?
2, 3, 19, 9403
What are the prime factors of 5412607?
5412607
List the prime factors of 1246950.
2, 3, 5, 17, 163
List the prime factors of 200249.
7, 28607
List the prime factors of 5404718.
2, 11, 47, 5227
List the prime factors of 271083.
3, 109, 829
List the prime factors of 314696.
2, 139, 283
What are the prime factors of 122898?
2, 3, 20483
List the prime factors of 25385.
5, 5077
List the prime factors of 2804469.
3, 547, 1709
What are the prime factors of 32879853?
3, 17, 311, 691
List the prime factors of 59490.
2, 3, 5, 661
List the prime factors of 6384923.
1783, 3581
List the prime factors of 127106.
2, 7, 1297
List the prime factors of 350729.
350729
What are the prime factors of 3106321?
67, 71, 653
List the prime factors of 1555780.
2, 5, 107, 727
What are the prime factors of 87193?
17, 23, 223
What are the prime factors of 4604467?
7, 17, 38693
List the prime factors of 380646.
2, 3, 7, 19, 53
What are the prime factors of 1000430?
2, 5, 100043
What are the prime factors of 179441?
179441
What are the prime factors of 7727678?
2, 7, 23, 103, 233
What are the prime factors of 3207207?
3, 449, 2381
List the prime factors of 1429952.
2, 22343
What are the prime factors of 865666?
2, 432833
List the prime factors of 471646.
2, 7, 59, 571
List the prime factors of 2420274.
2, 3, 227, 1777
What are the prime factors of 191989?
7, 27427
List the prime factors of 806564.
2, 11, 23, 797
What are the prime factors of 66616?
2, 11, 757
List the prime factors of 394123.
394123
List the prime factors of 4362435.
3, 5, 7, 11, 1259
List the prime factors of 496647.
3, 139, 397
What are the prime factors of 976162?
2, 11, 44371
List the prime factors of 153741.
3, 7, 7321
What are the prime factors of 408839?
389, 1051
What are the prime factors of 708469?
23, 30803
What are the prime factors of 1664407?
1664407
What are the prime factors of 18984975?
3, 5, 253133
List the prime factors of 71108.
2, 29, 613
List the prime factors of 36836559.
3, 193, 7069
List the prime factors of 754588.
2, 71, 2657
List the prime factors of 1134649.
1134649
List the prime factors of 13236.
2, 3, 1103
What are the prime factors of 85466?
2, 151, 283
List the prime factors of 338595.
3, 5, 22573
What are the prime factors of 13979?
7, 1997
What are the prime factors of 147283?
147283
What are the prime factors of 27523024?
2, 1720189
What are the prime factors of 233675?
5, 13, 719
What are the prime factors of 2051968?
2, 17, 23, 41
List the prime factors of 235885.
5, 13, 19, 191
List the prime factors of 1596302.
2, 798151
What are the prime factors of 1134330?
2, 3, 5, 37811
What are the prime factors of 631108?
2, 17, 9281
What are the prime factors of 449561?
7, 64223
What are the prime factors of 1850756?
2, 17, 1601
List the prime factors of 589091.
89, 6619
List the prime factors of 17302019.
7, 2471717
List the prime factors of 37910034.
2, 3, 17, 229, 541
What are the prime factors of 199865?
5, 71, 563
What are the prime factors of 2151302?
2, 1075651
What are the prime factors of 116228?
2, 7, 593
List the prime factors of 4439523.
3, 11, 29, 4639
List the prime factors of 2335.
5, 467
What are the prime factors of 491397?
3, 19, 37, 233
List the prime factors of 3122379.
3, 13, 26687
List the prime factors of 20129185.
5, 4025837
List the prime factors of 21160165.
5, 13, 325541
What are the prime factors of 1322336?
2, 31, 43
What are the prime factors of 111617?
11, 73, 139
What are the prime factors of 1016267?
7, 41, 3541
What are the prime factors of 3035487?
3, 7, 13, 11119
What are the prime factors of 36216?
2, 3, 503
List the prime factors of 4208858.
2, 613, 3433
List the prime factors of 5388668.
2, 31, 43457
What are the prime factors of 19695533?
11, 13, 19, 659
List the prime factors of 2239842.
2, 3, 11, 33937
List the prime factors of 578114.
2, 181, 1597
What are the prime factors of 199187?
139, 1433
List the prime factors of 16273364.
2, 157, 25913
What are the prime factors of 17455?
5, 3491
What are the prime factors of 4137419?
11, 13, 28933
List the prime factors of 58774.
2, 29387
List the prime factors of 363892.
2, 29, 3137
List the prime factors of 76168.
2, 9521
What are the prime factors of 36600?
2, 3, 5, 61
List the prime factors of 18724577.
41, 456697
List the prime factors of 1956273.
3, 11, 59281
What are the prime factors of 1017442?
2, 211, 2411
List the prime factors of 813050.
2, 5, 7, 23, 101
List the prime factors of 6385484.
2, 7, 32579
List the prime factors of 850595.
5, 17, 10007
What are the prime factors of 674888?
2, 29, 2909
List the prime factors of 479118.
2, 3, 47, 1699
List the prime factors of 440035.
5, 88007
List the prime factors of 13633107.
3, 43, 105683
What are the prime factors of 2389823?
53, 67, 673
What are the prime factors of 339860?
2, 5, 16993
List the prime factors of 71597.
71597
List the prime factors of 561489.
3, 187163
What are the prime factors of 2235743?
47, 47569
What are the prime factors of 13696234?
2, 31, 220907
What are the prime factors of 1097760?
2, 3, 5, 2287
What are the prime factors of 4208098?
2, 47, 89, 503
What are the prime factors of 1183555?
5, 67, 3533
What are the prime factors of 371776?
2, 37, 157
List the prime factors of 71794.
2, 35897
What are the prime factors of 5693140?
2, 5, 284657
List the prime factors of 5037435.
3, 5, 13, 79, 109
List the prime factors of 150666.
2, 3, 25111
What are the prime factors of 288252?
2, 3, 17, 157
List the prime factors of 83340.
2, 3, 5, 463
List the prime factors of 7577025.
3, 5, 101027
What are the prime factors of 4726621?
197, 23993
List the prime factors of 8163865.
5, 37, 44129
List the prime factors of 24118412.
2, 6029603
List the prime factors of 84346.
2, 181, 233
List the prime factors of 8536266.
2, 3, 23, 29, 79
List the prime factors of 554086.
2, 13, 101, 211
What are the prime factors of 5602684?
2, 29, 48299
What are the prime factors of 646619?
646619
List the prime factors of 211080.
2, 3, 5, 1759
List the prime factors of 5578933.
29, 192377
List the prime factors of 505555.
5, 101111
What are the prime factors of 1546175?
5, 23, 2689
List the prime factors of 6502305.
3, 5, 53, 8179
What are the prime factors of 2171402?
2, 311, 3491
What are the prime factors of 39547402?
2, 3733, 5297
List the prime factors of 20544572.
2, 5136143
List the prime factors of 664537.
664537
What are the prime factors of 2079039?
3, 23, 29, 1039
What are the prime factors of 564731?
37, 15263
List the prime factors of 181139.
7, 113, 229
List the prime factors of 12737401.
3163, 4027
What are the prime factors of 553159?
373, 1483
List the prime factors of 2084042.
2, 1042021
What are the prime factors of 3084308?
2, 19, 40583
What are the prime factors of 24975400?
2, 5, 151, 827
What are the prime factors of 735017?
149, 4933
What are the prime factors of 807164?
2, 201791
List the prime factors of 4188810.
2, 3, 5, 139627
What are the prime factors of 12802886?
2, 73, 87691
List the prime factors of 634954.
2, 73, 4349
What are the prime factors of 490910?
2, 5, 7, 7013
What are the prime factors of 1832968?
2, 19, 31, 389
What are the prime factors of 352299?
3, 43, 2731
List the prime factors of 31922704.
2, 11, 1499
List the prime factors of 1795050.
2, 3, 5, 3989
List the prime factors of 894303.
3, 99367
What are the prime factors of 18749264?
2, 127, 9227
List the prime factors of 2705685.
3, 5, 180379
What are the prime factors of 9016575?
3, 5, 23, 5227
What are t